2) + -2).
-1
Calculate (4 - -4 - 5) + -1.
2
What is the value of 5 + (-1 - 4) + (-1 - 0)?
-1
What is the value of 1 - (2 - -1 - -5)?
-7
Evaluate (5 - 8) + (0 - -2) - -1.
0
Evaluate -2 - (-3 + (-1 - (3 - 2))).
3
Calculate 12 + (0 - (-15 + 30)).
-3
Calculate 1 + (-1 - -3 - (-26 + 31)).
-2
Calculate -3 + 6 - 0 - (0 + 5).
-2
Calculate -1 + 1 - (-38 - -39).
-1
Evaluate 4 + (-1 - 3 - (-13 - -13)).
0
What is 1 - (-4 + 3 + 5)?
-3
What is the value of 4 + 7 + -6 - 9?
-4
What is the value of -2 + 3 + -8 + 3?
-4
What is 9 + -9 + (3 - 1)?
2
Evaluate (-125 - -134) + -18 + 1.
-8
(-4 - 0) + 3 + (0 - 1)
-2
Evaluate -1 + (-1 - -3) + (-508 - -506).
-1
-7 + 7 - (-2 + -1 + 5)
-2
-29 + 14 + 7 - 1
-9
(4 - -10 - 16) + (1 - -3)
2
Calculate -8 + -8 + (13 - 4).
-7
Calculate 2 + -2 - (-22 + 16).
6
Evaluate 9 + (-9 + 5 - 3).
2
2 + 0 + 15 + -13
4
What is the value of 15 - (28 - 10 - 10)?
7
Evaluate 0 + -6 - (-30 + 32).
-8
Calculate (-7 - -4) + 13 - 4 - -1.
7
Calculate -6 - ((-2 - 5) + 3).
-2
4 + -2 + (-4 - 0 - -4)
2
Evaluate -3 + 3 + 5 + -8.
-3
What is 3 + 5 - 6 - (-2 - 0)?
4
What is the value of -2 - 6 - (24 + -39)?
7
Evaluate (-8 - 0 - 2) + 2.
-8
(1 - (1 - -10)) + 8
-2
What is the value of -4 - (-4 + 0) - -1?
1
4 + -9 + 3 - (-18 + 13)
3
What is 4 + 0 + 1 + -1 + 0?
4
What is -1 + 5 + -2 + 2 + 1?
5
Calculate 21 + -21 - (2 + (1 - 0)).
-3
What is 20 - 26 - (1 - 3 - 1)?
-3
What is (-6 - 0) + 0 - (-44 + 40)?
-2
Calculate -3 + 1 + 6 + -3.
1
-6 + 3 + 1 + 7 + -4
1
Evaluate (3 - -3) + -8 + (-1 - -4).
1
What is the value of 8 - (-8 - -4 - -3)?
9
-4 - (-3 + (0 - 2))
1
What is -5 - (-5 + 10 + -4)?
-6
6 - (6 - (-9 + 7))
-2
What is the value of -5 + -2 + 11 + -2?
2
9 - (13 - 11) - 10
-3
What is -11 + 1 + 1 + 106 + -104?
-7
Calculate 5 - (3 - 0) - -1.
3
Evaluate (2 - 3) + -21 + 19.
-3
Calculate 22 + -18 - (0 - (-2 + -1)).
1
Calculate -1 + (0 - 1) + (389 - 398).
-11
What is -2 + 0 - (23 + -20)?
-5
What is -3 - (-2 + (0 - 1))?
0
Calculate (53 - 56) + 1 + (1 - 0).
-1
What is 7 - ((2 - 1 - 0) + 0)?
6
What is the value of -10 - -10 - (2 + 3)?
-5
What is -1 - (2 + -6 + 1)?
2
What is the value of -15 + 18 + (-5 - (2 + -1))?
-3
What is the value of 57 + -48 + -5 + -1?
3
What is the value of -1 + -4 - (30 + -35)?
0
What is (2 - 4 - -5) + 1?
4
What is the value of -5 - ((2 - 12 - 5) + 5)?
5
-5 + 10 + 1 + -5
1
What is the value of 9 - (0 + 4 - (13 + -11))?
7
What is -2 - (-3 + 3) - -4?
2
Evaluate 18 + -17 + -2 + -3.
-4
Calculate 2 + -4 - (-2 + -1).
1
-9 + 15 + (-9 - 1)
-4
What is the value of (-7 - -7) + 1 + 0?
1
Calculate -3 - (-5 - -4) - (-14 + 5).
7
What is the value of -5 - (-4 - (2 - 6))?
-5
What is the value of -3 - -7 - (0 + 1)?
3
Calculate 0 - -2 - (-7 + 5).
4
Calculate 3 + (-4 - -4 - -2).
5
(-4 + 4 - (-1 + -1)) + -4
-2
What is 0 + -10 - -5 - -7?
2
Evaluate (-5 - -5 - 0) + -4.
-4
Evaluate 0 + (3 - 3 - -1 - 2).
-1
Evaluate 5 + 4 + -5 + 7 + -10.
1
Evaluate (-33 - -33) + 8 + 0.
8
What is the value of (-1 - 1) + (-15 - (-10 + -3))?
-4
Calculate -1 - (-4 - 1) - -1.
5
Calculate (-5 - 0) + 0 + (9 - 3).
1
Calculate 5 - 1 - (8 - 2).
-2
Calculate 1 + (7 - 14 - (1 + -5)).
-2
Calculate -4 - (2 - (4 + 4 + -1)).
1
What is 1 + 0 + (-22 - -19)?
-2
What is the value of (4 - 8) + (1 - -11)?
8
What is the value of 4 - (3 - 3 - 0)?
4
What is 2 + -3 + 4 - (9 - 3)?
-3
Calculate -80 - -73 - (1 + (-12 - 1)).
5
Evaluate -6 - 2 - -1 - -4.
-3
What is 0 - 0 - ((4 - -2) + -5)?
-1
Evaluate 0 + -4 + 5 + -6 + 10.
5
What is 8 - (-2 - (6 - 16))?
0
What is the value of 0 + 5 + -6 + 0 + 6?
5
What is -1 + (2 - (-4 - -6) - 0)?
-1
Evaluate 2 - ((3 - 1 - 7) + -2).
9
What is the value of 6 + (5 - 12 - 1) + -4?
-6
Calculate 2 - (-4 + -1 + 4).
3
Evaluate 16 + -21 - (-3 - -2).
-4
What is the value of (16 - 11) + 0 - (-1 - 1)?
7
(3 - (2 - (0 - 1))) + 3
3
What is 3 - (1 - 1) - 0 - 0?
3
What is the value of (1 - -1) + (-1 - 2)?
-1
What is the value of -5 - -1 - (-2 - 5)?
3
What is the value of -1 + -1 + 4 - (3 + -3)?
2
Calculate -1 + 3 + 0 + -9 + 8.
1
What is (-7 - 1) + 1 + 9?
2
What is the value of 0 + 2 + (1 - 3)?
0
Evaluate -5 + 4 + (14 - 7).
6
Calculate 6 - 1 - (-11 + 15).
1
Evaluate 5 + 5 + (4 - 11) + -4.
-1
4 + -3 + 0 + 1
2
What is (14 - (-1 - -1)) + (-7 - -1)?
8
Evaluate (-6 + 19 - 2) + (-3 - 2).
6
What is the value of -5 - (-3 + -2 + -4)?
4
What is -20 - -12 - (-6 - 0)?
-2
Evaluate (3 - -4) + (-3 - (2 + -3)).
5
What is -10 - (16 + -33) - (7 + 0)?
0
(6 - 9) + 1 + 3 + 1
2
What is (-10 + 19 - -1) + -2?
8
What is 6 + 3 + -9 - 5?
-5
What is (2 - -1) + -5 + 1 + -1?
-2
Calculate (2 - 1) + 3 + (-3 - 2).
-1
What is the value of 3 + 4 + -4 - -1?
4
Evaluate 9 + -2 + 1 + -12 + 6.
2
Calculate -13 + (7 - 5) + (-1 - -6).
-6
What is 1 + 0 - (-16 + 13)?
4
What is the value of -1 + 0 - (-1 - 7 - -13)?
-6
What is -3 - (-5 + 3 + 2)?
-3
Calculate -4 - (-4 + -2) - (-19 - -29).
-8
Calculate 3 + -2 + -3 + (5 - 0).
3
Calculate 5 + (-7 - -4) - 5.
-3
Evaluate -5 - (-5 + -1 + 5).
-4
What is 0 - (0 + -6 - -4)?
2
Calculate (76 - 72) + (-1 - -1).
4
Calculate -5 + (18 + -19 - (-5 - -1)).
-2
What is (-2 + 3 - (-1 - 1)) + -2?
1
Evaluate (-8 - -3) + -1 - -6.
0
What is -1 - (-6 - (-4 + 0 + -6))?
-5
What is -5 - (8 + -6) - (-4 + 1)?
-4
Evaluate (5 - (4 - 1)) + -5.
-3
What is the value of (1 - 1) + (53 - 61)?
-8
What is the value of -2 + 14 - (-26 - -34)?
4
What is the value of 3 + (4 - 7) + -4?
-4
Calculate 0 - (1 - (1 + 3 - 2)).
1
3 + 3 - (-2 + 14)
-6
16 + -8 + -11 + 0
-3
What is the value of (2 - (3 - 9)) + (-6 - -4)?
6
Calculate (-42 - -38) + 1 + (-2 - -4).
-1
What is 0 - -3 - (-3 - (9 + -10))?
5
38 - 34 - (-1 - -4 - 3)
4
Evaluate -2 + 3 - (-5 - (-1 - 2)).
3
6 - 0 - (-8 + -8 + 15)
7
Evaluate (1 - -8) + -4 + -3 + 2.
4
What is the value of (9 - 6) + 4 + -2?
5
Evaluate 9 + -12 + -2 + (10 - 1).
4
What is the value of -11 + 5 - (3 - 7)?
-2
What is the value of 5 + (-3 - -5 - (12 + -7))?
2
Calculate (5 - (3 - 0 - -7)) + -2.
-7
What is 12 + -16 - (-7 + -2)?
5
What is the value of 2 + (-2 - (-2 - -3)) + -3?
-4
(2 - (-4 - -2)) + -2
2
4 - ((2 - -3) + (1 - 3))
1
-6 - (-1 + 0 + -2) - 0
-3
Calculate (3 - 7 - -4) + -2.
-2
Calculate (-26 - -31) + (4 - 3) + -8.
-2
Evaluate 16 - 20 - (0 + 3).
-7
Evaluate 6 - (2 + -1 + -41 + 46).
0
What is 10 - 12 - (-4 + -1)?
3
Evaluate (28 - 31) + 1 + (3 - 2).
-1
What is the value of (-1 - 5 - (-2 - 2)) + -1?
-3
What is 6 - (7 + -3 - 5)?
7
What is the value of -6 + 2 - -1 - (-7 - -2)?
2
6 - (6 + -5 + 2)
3
What is the value of -3 + -1 - (-3 + -10)?
9
Evaluate -3 + (0 + 2 - 3).
-4
What is 8 - (-5 - (2 + -10))?
5
Calculate (-2 - 4) + 1 - (36 - 35).
-6
Evaluate -1 - ((-1 - -6) + -5) - -2.
1
Evaluate 23 + -9 - (11 + 2).
1
Calculate -2 - (-14 + (3 - -6)).
3
2 + 1 + -7 - (1 - 2)
-3
Evaluate -3 + -5 + 9 - (-1 - 4).
6
What is 3 + 6 + (-2 - 6)?
1
Calculate 8 + (-2 - 1) + -2.
3
-7 - (0 + (0 - 5 - -3))
-5
Calculate -6 - -13 - 6 - 5.
-4
(7 + -1 - (-8 - -13)) + 2
3
Evaluate -9 + 5 + (1 - -3).
0
3 - 0 - (6 - (-4 - -6))
-1
1 + -6 - (-8 - 0)
3
-1 + (17 - 9) + -1
6
Calculate -6 - (-7 + (1 - -5 - 4)).
-1
What is the value of (-2 + 0 + 0 - -3) + -2?
-1
Calculate -5 + 7 + (1 - 0) - -1.
4
Calculate (-6 - (-5 + -10)) + -17.
-8
What is -7 + (-1 + -4 - -5)?
-7
14 - (7 + -4) - 9
2
(1 - (2 - 2)) + 4
5
What is the value of 6 - (12 - (-5 - -9))?
-2
What is 5 + -1 + -12 + 6 + 4?
2
What is -4 - (8 + -17 + 5 + -1)?
1
Calculate -10 + 2 + 3 - -10.
5
Evaluate (-7 - (-6 - -2)) + -5.
-8
Calculate 1 + (-13 - -8 - (-3 + 1)).
-2
What is 3 + -6 + 1 - -5?
3
What is -4 - -2 - (-10 - -4)?
4
What is the value of 10 + (1 - 7 - -1)?
5
Calculate 2 + 0 + -4 - -1.
-1
Calculate (-4 - -9) + -9 - (-8 - -1).
3
What is the value of 2 + -1 + 1 + (-2 - 3)?
-3
What is the value of (-4 - (4 + -4)) + 6?
2
Calculate (-8 - -2 - 0 - 6) + 5.
-7
What is -5 - ((5 - 0) + -5) - -4?
-1
What is the value of 3 - 5 - (-5 - -2 - -2)?
-1
What is the value of (11 - 5) + -5 + -3?
-2
What is the value of 1 + (-3 + -7 - 8) + 9?
-8
What is the value of -3 + 0 + 3 + 3?
3
Calculate -12 + (3 + -10 - -15).
-4
10 - 15 - (2 + -9)
2
What is 0 - (-6 + 5 + 1)?
0
-4 - (4 + 1 - 7)
-2
What is the value of (1 - 8) + -2 + (-8 - -14)?
-3
What is the value of (-1 - (-13 + 19)) + 12?
5
3 - 6 - 0 - (-8 + 1)
4
Calculate (-9 + 18 - 3) + -5 + 0.
1
What is the value of -1 + 0 + (-4 - (0 + -6))?
1
What is (-3 - (2 - (3 + -3))) + 4?
-1
Ca